u**2 - 6*u**2. Let q be x(6). Let p(l) = l - 8. Determine p(q).
-3
Suppose 15*r + 1708 = -95*r - 382. Let a(w) = -8*w - 145. What is a(r)?
7
Let b(l) = 86*l - 425. Let r = 13725 + -13720. Determine b(r).
5
Let j(x) be the first derivative of -17*x**2 + 263*x - 4395. Calculate j(8).
-9
Let r(u) = 2*u + 10. Let x(h) = 2*h**3 - 10*h**2 - 2*h + 1. Suppose -5*m - 5*c + 350 = 0, -6*m + 5*c + 271 = -2*m. Let s = m + -64. Let i be x(s). What is r(i)?
-8
Let f(v) = -11*v**3 + 17*v**2 - 12*v + 4. Let c(q) = -5*q**3 + q**2 + q - 1. Let d(m) = -2*c(m) + f(m). Give d(14).
6
Let u = -2362 + 2373. Let g(z) = -6*z + 68. What is g(u)?
2
Let f(q) be the first derivative of -q**4/4 - q**3/3 + q**2/2 - 18*q + 26907. Let m(x) = -x**2 + 4*x. Let p be m(4). What is f(p)?
-18
Suppose -5*c - 200 = -10*c. Let w = c - 64. Let k = w + 24. Let u(z) = z**2 - z + 3. Determine u(k).
3
Let t = 7812 - 7841. Let j(h) = 7*h + 206. Determine j(t).
3
Let z(l) = 9*l - 271. Let h(a) = -a + 55. Let o(q) = -5*h(q) - z(q). Determine o(-9).
32
Let w be (-2)/(-9)*-3*(-531)/118. Let z(v) = -14*v + 25. Determine z(w).
-17
Let d(p) = -2*p**3 + p**2 + 4*p - 1. Suppose -5*h - o - 13 = 0, -9*h - 3*o = -5*h + 17. Calculate d(h).
11
Let g(j) = -j**3 + 4*j**2 + j + 2. Suppose 14 + 1 = 3*h. Suppose -h*a = -5, -a = 2*b - 19 + 4. Suppose 0 = 2*l + n - 11, 3*l = -3*n + b*n. What is g(l)?
6
Let y(q) be the second derivative of q**5/20 + q**2 - 429*q. Give y(0).
2
Suppose 9*s + 6*s = 5*s - 7*s. Let g(p) = 4*p**2 + p + 7. Calculate g(s).
7
Suppose 71*t = 41*t + 62*t - 128. Let g(b) = -4*b**3 + 11*b**2 - 5*b + 5. Give g(t).
-95
Let o = -16 + 16. Let r be o*3/(3 - -3). Let g(c) be the third derivative of -c**4/24 + 4*c**3/3 + 363*c**2. Give g(r).
8
Let u(p) = -47*p**2 + 566*p - 20. Let q be u(12). Let v(z) = -z**3 + 5*z**2 - 10*z + 9. Calculate v(q).
-15
Let f(c) = -8*c**3 + 2*c**2 - 1. Let j = 258 - 260. Let y be (j + -1)*(-1)/3. What is f(y)?
-7
Let w(l) be the second derivative of l**5/60 + l**4/8 + 43*l**3/6 - 61*l. Let d(z) be the second derivative of w(z). What is d(10)?
23
Let d(g) = -g**2 + 8*g - 8. Let v be (1 - 0)*(14 + -12). Suppose -7*b - 10 = -5*k - v*b, -55 = -5*k - 4*b. Give d(k).
-1
Let y be 1/(2/42 + 12/42). Let c(i) = -i**3 + 4*i**2 - 2*i + 9. Calculate c(y).
12
Suppose -14 = -j - j. Suppose 14*k - 1222 = 8298. Let i(z) = -k + z**2 + 685 + 8*z - 2*z**2. Give i(j).
12
Suppose 5*l + 28 = -2*s, -l + 0*l + 8 = -3*s. Suppose 0 = 2*u - 0*u - 4. Let h(o) = -4*o**u - 5 - 4*o**3 + 3*o**3 + o**2 + 10. Calculate h(l).
21
Let k be 10/8*(-2 - 2). Suppose 5*n - 322 = 258. Let g(i) = -n - i - 113 + 224. What is g(k)?
0
Let l = -4732 - -4707. Let d(g) = 4*g + 90. Give d(l).
-10
Let q(k) = -7*k - 83. Let x = -5882 + 5873. Give q(x).
-20
Let g(q) be the third derivative of q**4/24 - q**3/2 - 596*q**2. Give g(3).
0
Let b(y) = 0*y + 2*y - 15*y**3 + 2*y + 19*y**2 + 8. Let n(f) = -7*f**3 - 11*f + 37*f + 4 - 9*f + 9*f**2 - 15*f. Let c(a) = 6*b(a) - 13*n(a). Give c(4).
4
Let m(d) = -42*d - 6 + 57*d - 16*d. Suppose 5 + 4 = z. What is m(z)?
-15
Let g(f) = -f + 6. Let z be 22/66 - (-13)/(-3). Let n be (z + 70/15)/(4/30). What is g(n)?
1
Suppose 2*s = -5*n + 18, 42*n - 19 = 37*n - s. Let v(r) = -r**3 + 3*r**2 + 13*r - 7. What is v(n)?
29
Let s(w) be the first derivative of 2/3*w**3 - 45/2*w**2 + 0*w + 39 + 5/24*w**4 - 1/60*w**5. Let v(z) be the second derivative of s(z). Calculate v(6).
-2
Let b(l) = -2*l**2 - 14*l - 11. Let v be b(-5). Suppose 0 = v*f + 15 - 51. Let k(n) = n**3 - 3*n**2 + 2*n - 1. Determine k(f).
23
Let z(d) be the first derivative of -d**3/3 + 9*d**2 - 7*d + 2681. Give z(15).
38
Let x(z) = -z**3 + 2*z**2 + 7*z + 1. Let t(v) = 3 - 88*v**2 + 91*v**2 - 2*v**3 - 8*v + 23*v. Let o(h) = 2*t(h) - 5*x(h). Determine o(5).
1
Let y(m) = 4*m + 67. Let f(b) = 8*b + 166. Let h(i) = 2*f(i) - 5*y(i). Determine h(5).
-23
Suppose y = -h + 5*h - 15, -5*h = 5*y. Let a(f) = h*f**2 + f**3 + 4 - 59*f + 54*f + 9*f. Let r = -2 + -1. Determine a(r).
-8
Let m(q) = q**3 + 3*q**2 - 5*q - 3. Let g be -14*(-14)/4 + 4. Suppose -55*d = -g*d - 8. Suppose -2*b + 18 = -d*a, -b - b = a + 2. Determine m(a).
1
Let n(p) = 2*p**2 + 6*p + 5. Let a be -1*10/(-20)*(-12)/(-2). Suppose 2*i + 18 = 4*s, 0*s + 5*s - 17 = -a*i. Give n(i).
1
Let o(v) be the second derivative of -v**3/2 - 7*v**2/2 - 1726*v. Give o(10).
-37
Suppose 243*a + 2340 = 84*a + 750. Let t(m) = 4*m + 20. Give t(a).
-20
Let s(l) be the first derivative of -l**6/120 - l**5/12 + l**4/12 + 5*l**3/6 - 59*l**2/2 + 22. Let b(p) be the second derivative of s(p). Give b(-5).
-5
Suppose -10*g + 365 = 345. Let s(m) = -52*m + 4. Calculate s(g).
-100
Let z(o) be the third derivative of -o**4/24 - 10*o**3/3 - 134*o**2. What is z(-21)?
1
Suppose -3 = 2*j + 7. Let c(a) = -2*a**2 - 13*a + 12. Let w(d) = -d**2 - 7*d + 6. Let t(u) = j*w(u) + 3*c(u). Let p be 72/(-10) + 264/220. Determine t(p).
-6
Let d = -212 + 218. Let n(f) = -f**3 + 4*f**2 + 4*f + 44. Calculate n(d).
-4
Let s = 213 + -208. Suppose -5*m + s*x + 6 = -4*m, -x = 0. Let w(d) = 2*d + 4. Give w(m).
16
Let b(y) = -12*y**3 + 91*y**2 + 16*y + 14. Let g(m) = -m**3 + 7*m**2 + 1. Let s(j) = -b(j) + 11*g(j). Let w be (20/2)/((-6)/(-9)). What is s(w)?
-18
Let i(y) = -y**2 + 4*y + 19. Let s(w) = -6*w - 54. Let v be s(-10). Let x be i(v). Let p(h) = h**2 - 4*h - 5. Determine p(x).
16
Let k(p) = 5*p**2 + 2*p + 1. Let r be k(-1). Let t(i) = 5 - r + 21*i**3 - i**3. Let z = -225 - -226. Determine t(z).
21
Let i(l) = 142 + 95 + 5159*l + 63 - 35 - 5154*l. Determine i(-53).
0
Let o(r) = 8263*r + 25 - 4129*r - 4132*r. Give o(-18).
-11
Let t(u) = 2*u. Let l be ((-12)/(-9))/((13/(-52))/(27/(-24))). Calculate t(l).
12
Let q = 27763 - 27765. Let x(j) = -70*j. Calculate x(q).
140
Let c(k) = 31*k**3 - 40*k**2 - 15*k + 115. Let z(l) = -22*l**3 + 27*l**2 + 10*l - 76. Let i(j) = -5*c(j) - 7*z(j). Give i(11).
12
Suppose 40 = -5*h + 15. Let f(m) be the first derivative of m**4/4 + 5*m**3/3 - 2*m**2 - 7*m + 69277. Determine f(h).
13
Let g(m) = -m**2 + 9*m + 5. Suppose 108*p = 28*p + 560. Calculate g(p).
19
Let k(v) be the second derivative of v**4/24 - 2*v**3 - 10*v**2 - 2*v - 3. Let u(c) be the first derivative of k(c). Determine u(12).
0
Let x(z) = 2*z**2 - 5*z + 2. Let r be x(3). Let t be -2 + 2 - (2 + -1*7). Let m(o) = -o. Let l(i) = -6*i + 7. Let s(a) = t*m(a) - l(a). What is s(r)?
-2
Suppose -47*a - 447 = -73*a + 73. Let z(g) = -g**3 + 19*g**2 + 17*g + 49. Determine z(a).
-11
Let r(o) = -o - 6*o**2 - 28 + o**2 + o**2 - o**2 + o**3. Let t be r(6). Let q(a) = 36*a**2 - 18*a**2 - a - 6 - 19*a**t. Give q(0).
-6
Let x(u) be the second derivative of -2*u**3/3 + u**2 + u. Suppose -31*b + 373 = -391 + 702. What is x(b)?
-6
Let o(g) = -g**2 + 96*g - 1266. Let b be o(16). Let z(w) = -w**3 + 15*w**2 - 14*w - 4. Give z(b).
-4
Let f(s) = -7*s**3 - 148*s**2 + 26*s + 222. Let n(d) = -2*d**3 - 49*d**2 + 6*d + 73. Let a(y) = -4*f(y) + 13*n(y). Calculate a(23).
-8
Suppose i = 9 - 4. Let m be -2 + -5 + 12/4 - -11. Suppose -m - i = 2*z. Let v(a) = a**2 + 7*a - 1. Calculate v(z).
-7
Let o be 15/13 - (8/20 - 288/1170). Let h(j) = 2*j**3 - 2*j**2 + 1. Determine h(o).
1
Let y = 204 - 189. Let n(m) = 30*m**3 - y + 11 + 3. Determine n(1).
29
Let i(a) = 5*a**2 + 3*a - 3. Let y(j) = 95*j - 99*j - 6*j**2 - 7 + 10. Let s(u) = -7*i(u) - 6*y(u). Suppose 5*o - 26 + 46 = 0. Give s(o).
7
Let s(d) = 1 + 3007*d + 6 - 2994*d - 2. What is s(-3)?
-34
Let c(i) = i. Suppose -29 - 10 = x. Let a = -42 - x. Give c(a).
-3
Let y = -5392 - -5370. Let m(b) = -b**3 - 24*b**2 - 43*b + 19. Calculate m(y).
-3
Suppose 0 = 3*l - 0*l - 15. Let b(g) = -12 - l + 10 - 2*g. Determine b(-3).
-1
Let o(x) = 13*x**2 - 27*x**2 + 15*x**2 + 11*x**2. Determine o(1).
12
Suppose 0 = -3*r - 5*v - 133, -61 = 3*r - 125*v + 121*v. Let d(x) = x + 39. What is d(r)?
8
Let w(u) be the second derivative of u**5/20 + 3*u**4/4 - u**3/2 - 21*u**2/2 + 1067*u. Determine w(-9).
6
Let g(f) = -139*f - 101. Let o(t) = 57*t + 41. Let x(y) = 5*g(y) + 12*o(y). Determine x(-4).
31
Let l(g) be the third derivative of -g**6/120 + 7*g**4/12 + 2*g**3/3 + 3*g**2 + 10*g - 5. Determine l(-4).
12
Let f(s) = -1556 - s**2 - 1581 + 3139 + 12*s. Calculate f(12).
2
Let h(z) = -z - 15. Let m(b) = -b + 39. Let a(y) = -9*h(y) + m(y). Give a(-21).
6
Let c(